{"id":12,"date":"2025-08-14T06:45:00","date_gmt":"2025-08-14T06:45:00","guid":{"rendered":"https:\/\/hdbet.work\/?page_id=12"},"modified":"2025-08-23T17:14:55","modified_gmt":"2025-08-23T10:14:55","slug":"trang-chu","status":"publish","type":"page","link":"https:\/\/hdbet.work\/","title":{"rendered":"Trang ch\u1ee7"},"content":{"rendered":"\n\n\n<video autoplay muted loop playsinline id=\"bg-video\">\n  <source src=\"https:\/\/hdbet.work\/wp-content\/uploads\/2025\/08\/Background-1.mp4\" type=\"video\/mp4\">\n  Your browser does not support the video tag.\n<\/video>\n\n\n\t<section class=\"section section-desktop hide-for-medium\" id=\"section_120479385\">\n\t\t<div class=\"section-bg fill\" >\n\t\t\t\t\t\t\t\t\t\n\t\t\t\n\n\t\t<\/div>\n\n\t\t\n\n\t\t<div class=\"section-content relative\">\n\t\t\t\n\n<div class=\"row row-small main-row hide-for-medium\"  id=\"row-1382493153\">\n\n\n\t<div id=\"col-926122757\" class=\"col col-left medium-4 small-12 large-4\"  >\n\t\t\t\t<div class=\"col-inner\"  >\n\t\t\t\n\t\t\t\n\n\t<div class=\"img has-hover x md-x lg-x y md-y lg-y\" id=\"image_1190465037\">\n\t\t\t\t\t\t\t\t<div class=\"img-inner dark\" >\n\t\t\t<img loading=\"lazy\" decoding=\"async\" width=\"719\" height=\"715\" src=\"https:\/\/hdbet.work\/wp-content\/uploads\/2025\/08\/1.png\" class=\"attachment-original size-original\" alt=\"\" srcset=\"https:\/\/hdbet.work\/wp-content\/uploads\/2025\/08\/1.png 719w, https:\/\/hdbet.work\/wp-content\/uploads\/2025\/08\/1-300x298.png 300w, https:\/\/hdbet.work\/wp-content\/uploads\/2025\/08\/1-150x150.png 150w\" sizes=\"auto, (max-width: 719px) 100vw, 719px\" \/>\t\t\t\t\t\t\n\t\t\t\t\t<\/div>\n\t\t\t\t\t\t\t\t\n<style>\n#image_1190465037 {\n  width: 100%;\n}\n<\/style>\n\t<\/div>\n\t\n\n\n\t\t<\/div>\n\t\t\t\t\t<\/div>\n\n\t\n\n\t<div id=\"col-635806076\" class=\"col col-mid medium-4 small-12 large-4\"  >\n\t\t\t\t<div class=\"col-inner\"  >\n\t\t\t\n\t\t\t\n\n\t<div class=\"img has-hover hd-logo-pc x md-x lg-x y md-y lg-y\" id=\"image_1933226454\">\n\t\t\t\t\t\t\t\t<div class=\"img-inner dark\" >\n\t\t\t<img loading=\"lazy\" decoding=\"async\" width=\"1592\" height=\"265\" src=\"https:\/\/hdbet.work\/wp-content\/uploads\/2025\/08\/Logos-2.png\" class=\"attachment-original size-original\" alt=\"\" srcset=\"https:\/\/hdbet.work\/wp-content\/uploads\/2025\/08\/Logos-2.png 1592w, https:\/\/hdbet.work\/wp-content\/uploads\/2025\/08\/Logos-2-300x50.png 300w, https:\/\/hdbet.work\/wp-content\/uploads\/2025\/08\/Logos-2-1024x170.png 1024w, https:\/\/hdbet.work\/wp-content\/uploads\/2025\/08\/Logos-2-768x128.png 768w, https:\/\/hdbet.work\/wp-content\/uploads\/2025\/08\/Logos-2-1536x256.png 1536w\" sizes=\"auto, (max-width: 1592px) 100vw, 1592px\" \/>\t\t\t\t\t\t\n\t\t\t\t\t<\/div>\n\t\t\t\t\t\t\t\t\n<style>\n#image_1933226454 {\n  width: 100%;\n}\n<\/style>\n\t<\/div>\n\t\n\n\t<div id=\"text-3551224258\" class=\"text text-chinhphuc\">\n\t\t\n\n<p><span>C\u00f9ng HDBET chinh ph\u1ee5c<\/span><\/p>\n\t\t\n<style>\n#text-3551224258 {\n  text-align: center;\n}\n<\/style>\n\t<\/div>\n\t\n\t<div id=\"text-151201276\" class=\"text gradient-text\">\n\t\t\n\n<p class=\"uppercase\">gi\u1ea3i Ngo\u1ea1i H\u1ea1ng Anh<\/p>\n\t\t\n<style>\n#text-151201276 {\n  text-align: center;\n}\n<\/style>\n\t<\/div>\n\t\n<div class=\"form-layout\">\n    <div class=\"form-header\">\n            <\/div>\n    <form class=\"form-submit normal-form-submit toggle-mode\">\n        <div class=\"form-input-wrapper \">\n                            <label for=\"input-name215332\">T\u00ean \u0111\u0103ng nh\u1eadp<\/label>\n                        <div class=\"form-input form-input-user\">\n                <input type=\"text\" name=\"input-name\" placeholder=\"T\u00ean \u0111\u0103ng nh\u1eadp\" id=\"input-name215332\">\n            <\/div>\n            <p class=\"validate-user\"><\/p>\n        <\/div>\n        <div class=\"form-input-wrapper hidden-input\">\n                            <label for=\"input-pass215332\">M\u1eadt kh\u1ea9u<\/label>\n                        <div class=\"form-input form-input-pass\">\n                <input type=\"password\" name=\"input-pass\" placeholder=\"M\u1eadt kh\u1ea9u\" id=\"input-pass215332\">\n                <img decoding=\"async\" src=\"https:\/\/hdbet.work\/wp-content\/uploads\/2025\/08\/Eye.svg\" alt=\"icon form\" class=\"toggle-password\"\n                    data-show-pass=\"https:\/\/hdbet.work\/wp-content\/uploads\/2025\/08\/EyeSlash.svg\" data-hide-pass=\"https:\/\/hdbet.work\/wp-content\/uploads\/2025\/08\/Eye.svg\">\n            <\/div>\n            <p class=\"validate-password\"><\/p>\n        <\/div>\n                            <div class=\"form-input-wrapper hidden-input\">\n                                    <label for=\"input-phone215332\">S\u1ed1 \u0111i\u1ec7n tho\u1ea1i<\/label>\n                                <div class=\"form-input form-input-phone\">\n                    <input type=\"tel\" name=\"input-phone\" placeholder=\"S\u1ed1 \u0111i\u1ec7n tho\u1ea1i\" pattern=\"[0-9]{10}\" inputmode=\"numeric\" maxlength=\"10\" id=\"input-phone215332\">\n                <\/div>\n                <p class=\"validate-phone\"><\/p>\n                <p class=\"error-message\"><\/p>\n            <\/div>\n                <div class=\"btn-hidden-input\">\n            \t<div class=\"img has-hover x md-x lg-x y md-y lg-y\" id=\"image_1908866639\">\n\t\t\t\t\t\t\t\t<div class=\"img-inner dark\" >\n\t\t\t<img loading=\"lazy\" decoding=\"async\" width=\"1110\" height=\"222\" src=\"https:\/\/hdbet.work\/wp-content\/uploads\/2025\/08\/Button.png\" class=\"attachment-original size-original\" alt=\"\" srcset=\"https:\/\/hdbet.work\/wp-content\/uploads\/2025\/08\/Button.png 1110w, https:\/\/hdbet.work\/wp-content\/uploads\/2025\/08\/Button-300x60.png 300w, https:\/\/hdbet.work\/wp-content\/uploads\/2025\/08\/Button-1024x205.png 1024w, https:\/\/hdbet.work\/wp-content\/uploads\/2025\/08\/Button-768x154.png 768w\" sizes=\"auto, (max-width: 1110px) 100vw, 1110px\" \/>\t\t\t\t\t\t\n\t\t\t\t\t<\/div>\n\t\t\t\t\t\t\t\t\n<style>\n#image_1908866639 {\n  width: 100%;\n}\n<\/style>\n\t<\/div>\n\t        <\/div>\n    <\/form>\n    <div class=\"form-footer\">\n            <\/div>\n<\/div>\n\n\n\n\t\t<\/div>\n\t\t\t\t\t<\/div>\n\n\t\n\n\t<div id=\"col-1030875792\" class=\"col col-right medium-4 small-12 large-4\"  >\n\t\t\t\t<div class=\"col-inner\"  >\n\t\t\t\n\t\t\t\n\n\t<div class=\"img has-hover x md-x lg-x y md-y lg-y\" id=\"image_403747053\">\n\t\t\t\t\t\t\t\t<div class=\"img-inner dark\" >\n\t\t\t<img loading=\"lazy\" decoding=\"async\" width=\"719\" height=\"715\" src=\"https:\/\/hdbet.work\/wp-content\/uploads\/2025\/08\/2.png\" class=\"attachment-original size-original\" alt=\"\" srcset=\"https:\/\/hdbet.work\/wp-content\/uploads\/2025\/08\/2.png 719w, https:\/\/hdbet.work\/wp-content\/uploads\/2025\/08\/2-300x298.png 300w, https:\/\/hdbet.work\/wp-content\/uploads\/2025\/08\/2-150x150.png 150w\" sizes=\"auto, (max-width: 719px) 100vw, 719px\" \/>\t\t\t\t\t\t\n\t\t\t\t\t<\/div>\n\t\t\t\t\t\t\t\t\n<style>\n#image_403747053 {\n  width: 100%;\n}\n<\/style>\n\t<\/div>\n\t\n\n\n\t\t<\/div>\n\t\t\t\t\t<\/div>\n\n\t\n\n<\/div>\n<div class=\"row row-lich\"  id=\"row-149428811\">\n\n\n\t<div id=\"col-607297390\" class=\"col col-lich pb-0 small-12 large-12\"  >\n\t\t\t\t<div class=\"col-inner\"  >\n\t\t\t\n\t\t\t\n\n\n<!-- L\u1ecbch thi \u0111\u1ea5u -->\n <div class=\"football-container custom-schedule football-schedule-regular\" data-time_football_schedule_delay=\"6000\">\n    <div class=\"football-list\">\n    <div class=\"football-item\"><span>No data<\/span><\/div>    <\/div>\n<\/div>\n\n\n\t\t<\/div>\n\t\t\t\t\t<\/div>\n\n\t\n\n\t<div id=\"col-200262852\" class=\"col col-brand small-12 large-12\"  >\n\t\t\t\t<div class=\"col-inner\"  >\n\t\t\t\n\t\t\t\n\n\t<div class=\"img has-hover img-brand x md-x lg-x y md-y lg-y\" id=\"image_883819314\">\n\t\t\t\t\t\t\t\t<div class=\"img-inner dark\" >\n\t\t\t<img loading=\"lazy\" decoding=\"async\" width=\"312\" height=\"108\" src=\"https:\/\/hdbet.work\/wp-content\/uploads\/2025\/08\/Bank-brand.png\" class=\"attachment-original size-original\" alt=\"\" srcset=\"https:\/\/hdbet.work\/wp-content\/uploads\/2025\/08\/Bank-brand.png 312w, https:\/\/hdbet.work\/wp-content\/uploads\/2025\/08\/Bank-brand-300x104.png 300w\" sizes=\"auto, (max-width: 312px) 100vw, 312px\" \/>\t\t\t\t\t\t\n\t\t\t\t\t<\/div>\n\t\t\t\t\t\t\t\t\n<style>\n#image_883819314 {\n  width: 100%;\n}\n<\/style>\n\t<\/div>\n\t\n\n\t<div class=\"img has-hover img-brand x md-x lg-x y md-y lg-y\" id=\"image_171863398\">\n\t\t\t\t\t\t\t\t<div class=\"img-inner dark\" >\n\t\t\t<img loading=\"lazy\" decoding=\"async\" width=\"312\" height=\"108\" src=\"https:\/\/hdbet.work\/wp-content\/uploads\/2025\/08\/Bank-brand-1.png\" class=\"attachment-original size-original\" alt=\"\" srcset=\"https:\/\/hdbet.work\/wp-content\/uploads\/2025\/08\/Bank-brand-1.png 312w, https:\/\/hdbet.work\/wp-content\/uploads\/2025\/08\/Bank-brand-1-300x104.png 300w\" sizes=\"auto, (max-width: 312px) 100vw, 312px\" \/>\t\t\t\t\t\t\n\t\t\t\t\t<\/div>\n\t\t\t\t\t\t\t\t\n<style>\n#image_171863398 {\n  width: 100%;\n}\n<\/style>\n\t<\/div>\n\t\n\n\t<div class=\"img has-hover img-brand x md-x lg-x y md-y lg-y\" id=\"image_2011351634\">\n\t\t\t\t\t\t\t\t<div class=\"img-inner dark\" >\n\t\t\t<img loading=\"lazy\" decoding=\"async\" width=\"312\" height=\"108\" src=\"https:\/\/hdbet.work\/wp-content\/uploads\/2025\/08\/Bank-brand-2.png\" class=\"attachment-original size-original\" alt=\"\" srcset=\"https:\/\/hdbet.work\/wp-content\/uploads\/2025\/08\/Bank-brand-2.png 312w, https:\/\/hdbet.work\/wp-content\/uploads\/2025\/08\/Bank-brand-2-300x104.png 300w\" sizes=\"auto, (max-width: 312px) 100vw, 312px\" \/>\t\t\t\t\t\t\n\t\t\t\t\t<\/div>\n\t\t\t\t\t\t\t\t\n<style>\n#image_2011351634 {\n  width: 100%;\n}\n<\/style>\n\t<\/div>\n\t\n\n\t<div class=\"img has-hover img-brand x md-x lg-x y md-y lg-y\" id=\"image_83078321\">\n\t\t\t\t\t\t\t\t<div class=\"img-inner dark\" >\n\t\t\t<img loading=\"lazy\" decoding=\"async\" width=\"312\" height=\"108\" src=\"https:\/\/hdbet.work\/wp-content\/uploads\/2025\/08\/Bank-brand-3.png\" class=\"attachment-original size-original\" alt=\"\" srcset=\"https:\/\/hdbet.work\/wp-content\/uploads\/2025\/08\/Bank-brand-3.png 312w, https:\/\/hdbet.work\/wp-content\/uploads\/2025\/08\/Bank-brand-3-300x104.png 300w\" sizes=\"auto, (max-width: 312px) 100vw, 312px\" \/>\t\t\t\t\t\t\n\t\t\t\t\t<\/div>\n\t\t\t\t\t\t\t\t\n<style>\n#image_83078321 {\n  width: 100%;\n}\n<\/style>\n\t<\/div>\n\t\n\n\t<div class=\"img has-hover img-brand x md-x lg-x y md-y lg-y\" id=\"image_1299015648\">\n\t\t\t\t\t\t\t\t<div class=\"img-inner dark\" >\n\t\t\t<img loading=\"lazy\" decoding=\"async\" width=\"312\" height=\"108\" src=\"https:\/\/hdbet.work\/wp-content\/uploads\/2025\/08\/Bank-brand-4.png\" class=\"attachment-original size-original\" alt=\"\" srcset=\"https:\/\/hdbet.work\/wp-content\/uploads\/2025\/08\/Bank-brand-4.png 312w, https:\/\/hdbet.work\/wp-content\/uploads\/2025\/08\/Bank-brand-4-300x104.png 300w\" sizes=\"auto, (max-width: 312px) 100vw, 312px\" \/>\t\t\t\t\t\t\n\t\t\t\t\t<\/div>\n\t\t\t\t\t\t\t\t\n<style>\n#image_1299015648 {\n  width: 100%;\n}\n<\/style>\n\t<\/div>\n\t\n\n\t<div class=\"img has-hover img-brand x md-x lg-x y md-y lg-y\" id=\"image_485731944\">\n\t\t\t\t\t\t\t\t<div class=\"img-inner dark\" >\n\t\t\t<img loading=\"lazy\" decoding=\"async\" width=\"312\" height=\"108\" src=\"https:\/\/hdbet.work\/wp-content\/uploads\/2025\/08\/Bank-brand-5.png\" class=\"attachment-original size-original\" alt=\"\" srcset=\"https:\/\/hdbet.work\/wp-content\/uploads\/2025\/08\/Bank-brand-5.png 312w, https:\/\/hdbet.work\/wp-content\/uploads\/2025\/08\/Bank-brand-5-300x104.png 300w\" sizes=\"auto, (max-width: 312px) 100vw, 312px\" \/>\t\t\t\t\t\t\n\t\t\t\t\t<\/div>\n\t\t\t\t\t\t\t\t\n<style>\n#image_485731944 {\n  width: 100%;\n}\n<\/style>\n\t<\/div>\n\t\n\n\t<div class=\"img has-hover img-brand x md-x lg-x y md-y lg-y\" id=\"image_1056231973\">\n\t\t\t\t\t\t\t\t<div class=\"img-inner dark\" >\n\t\t\t<img loading=\"lazy\" decoding=\"async\" width=\"312\" height=\"108\" src=\"https:\/\/hdbet.work\/wp-content\/uploads\/2025\/08\/Bank-brand-6.png\" class=\"attachment-original size-original\" alt=\"\" srcset=\"https:\/\/hdbet.work\/wp-content\/uploads\/2025\/08\/Bank-brand-6.png 312w, https:\/\/hdbet.work\/wp-content\/uploads\/2025\/08\/Bank-brand-6-300x104.png 300w\" sizes=\"auto, (max-width: 312px) 100vw, 312px\" \/>\t\t\t\t\t\t\n\t\t\t\t\t<\/div>\n\t\t\t\t\t\t\t\t\n<style>\n#image_1056231973 {\n  width: 100%;\n}\n<\/style>\n\t<\/div>\n\t\n\n\t<div class=\"img has-hover img-brand x md-x lg-x y md-y lg-y\" id=\"image_1926305834\">\n\t\t\t\t\t\t\t\t<div class=\"img-inner dark\" >\n\t\t\t<img loading=\"lazy\" decoding=\"async\" width=\"312\" height=\"108\" src=\"https:\/\/hdbet.work\/wp-content\/uploads\/2025\/08\/Bank-brand-7.png\" class=\"attachment-original size-original\" alt=\"\" srcset=\"https:\/\/hdbet.work\/wp-content\/uploads\/2025\/08\/Bank-brand-7.png 312w, https:\/\/hdbet.work\/wp-content\/uploads\/2025\/08\/Bank-brand-7-300x104.png 300w\" sizes=\"auto, (max-width: 312px) 100vw, 312px\" \/>\t\t\t\t\t\t\n\t\t\t\t\t<\/div>\n\t\t\t\t\t\t\t\t\n<style>\n#image_1926305834 {\n  width: 100%;\n}\n<\/style>\n\t<\/div>\n\t\n\n\t<div class=\"img has-hover img-brand x md-x lg-x y md-y lg-y\" id=\"image_1360969393\">\n\t\t\t\t\t\t\t\t<div class=\"img-inner dark\" >\n\t\t\t<img loading=\"lazy\" decoding=\"async\" width=\"312\" height=\"108\" src=\"https:\/\/hdbet.work\/wp-content\/uploads\/2025\/08\/Bank-brand-8.png\" class=\"attachment-original size-original\" alt=\"\" srcset=\"https:\/\/hdbet.work\/wp-content\/uploads\/2025\/08\/Bank-brand-8.png 312w, https:\/\/hdbet.work\/wp-content\/uploads\/2025\/08\/Bank-brand-8-300x104.png 300w\" sizes=\"auto, (max-width: 312px) 100vw, 312px\" \/>\t\t\t\t\t\t\n\t\t\t\t\t<\/div>\n\t\t\t\t\t\t\t\t\n<style>\n#image_1360969393 {\n  width: 100%;\n}\n<\/style>\n\t<\/div>\n\t\n\n\t<div class=\"img has-hover img-brand x md-x lg-x y md-y lg-y\" id=\"image_383075968\">\n\t\t\t\t\t\t\t\t<div class=\"img-inner dark\" >\n\t\t\t<img loading=\"lazy\" decoding=\"async\" width=\"312\" height=\"108\" src=\"https:\/\/hdbet.work\/wp-content\/uploads\/2025\/08\/Bank-brand-9.png\" class=\"attachment-original size-original\" alt=\"\" srcset=\"https:\/\/hdbet.work\/wp-content\/uploads\/2025\/08\/Bank-brand-9.png 312w, https:\/\/hdbet.work\/wp-content\/uploads\/2025\/08\/Bank-brand-9-300x104.png 300w\" sizes=\"auto, (max-width: 312px) 100vw, 312px\" \/>\t\t\t\t\t\t\n\t\t\t\t\t<\/div>\n\t\t\t\t\t\t\t\t\n<style>\n#image_383075968 {\n  width: 100%;\n}\n<\/style>\n\t<\/div>\n\t\n\n\t<div class=\"img has-hover img-brand x md-x lg-x y md-y lg-y\" id=\"image_1345834383\">\n\t\t\t\t\t\t\t\t<div class=\"img-inner dark\" >\n\t\t\t<img loading=\"lazy\" decoding=\"async\" width=\"312\" height=\"108\" src=\"https:\/\/hdbet.work\/wp-content\/uploads\/2025\/08\/Bank-brand-10.png\" class=\"attachment-original size-original\" alt=\"\" srcset=\"https:\/\/hdbet.work\/wp-content\/uploads\/2025\/08\/Bank-brand-10.png 312w, https:\/\/hdbet.work\/wp-content\/uploads\/2025\/08\/Bank-brand-10-300x104.png 300w\" sizes=\"auto, (max-width: 312px) 100vw, 312px\" \/>\t\t\t\t\t\t\n\t\t\t\t\t<\/div>\n\t\t\t\t\t\t\t\t\n<style>\n#image_1345834383 {\n  width: 100%;\n}\n<\/style>\n\t<\/div>\n\t\n\n\t<div class=\"img has-hover img-brand x md-x lg-x y md-y lg-y\" id=\"image_1827420476\">\n\t\t\t\t\t\t\t\t<div class=\"img-inner dark\" >\n\t\t\t<img loading=\"lazy\" decoding=\"async\" width=\"312\" height=\"108\" src=\"https:\/\/hdbet.work\/wp-content\/uploads\/2025\/08\/Bank-brand-11.png\" class=\"attachment-original size-original\" alt=\"\" srcset=\"https:\/\/hdbet.work\/wp-content\/uploads\/2025\/08\/Bank-brand-11.png 312w, https:\/\/hdbet.work\/wp-content\/uploads\/2025\/08\/Bank-brand-11-300x104.png 300w\" sizes=\"auto, (max-width: 312px) 100vw, 312px\" \/>\t\t\t\t\t\t\n\t\t\t\t\t<\/div>\n\t\t\t\t\t\t\t\t\n<style>\n#image_1827420476 {\n  width: 100%;\n}\n<\/style>\n\t<\/div>\n\t\n\n\t<div class=\"img has-hover img-brand x md-x lg-x y md-y lg-y\" id=\"image_1595451094\">\n\t\t\t\t\t\t\t\t<div class=\"img-inner dark\" >\n\t\t\t<img loading=\"lazy\" decoding=\"async\" width=\"312\" height=\"108\" src=\"https:\/\/hdbet.work\/wp-content\/uploads\/2025\/08\/Bank-brand-12.png\" class=\"attachment-original size-original\" alt=\"\" srcset=\"https:\/\/hdbet.work\/wp-content\/uploads\/2025\/08\/Bank-brand-12.png 312w, https:\/\/hdbet.work\/wp-content\/uploads\/2025\/08\/Bank-brand-12-300x104.png 300w\" sizes=\"auto, (max-width: 312px) 100vw, 312px\" \/>\t\t\t\t\t\t\n\t\t\t\t\t<\/div>\n\t\t\t\t\t\t\t\t\n<style>\n#image_1595451094 {\n  width: 100%;\n}\n<\/style>\n\t<\/div>\n\t\n\n\t<div class=\"img has-hover img-brand x md-x lg-x y md-y lg-y\" id=\"image_348548872\">\n\t\t\t\t\t\t\t\t<div class=\"img-inner dark\" >\n\t\t\t<img loading=\"lazy\" decoding=\"async\" width=\"312\" height=\"108\" src=\"https:\/\/hdbet.work\/wp-content\/uploads\/2025\/08\/Bank-brand-13.png\" class=\"attachment-original size-original\" alt=\"\" srcset=\"https:\/\/hdbet.work\/wp-content\/uploads\/2025\/08\/Bank-brand-13.png 312w, https:\/\/hdbet.work\/wp-content\/uploads\/2025\/08\/Bank-brand-13-300x104.png 300w\" sizes=\"auto, (max-width: 312px) 100vw, 312px\" \/>\t\t\t\t\t\t\n\t\t\t\t\t<\/div>\n\t\t\t\t\t\t\t\t\n<style>\n#image_348548872 {\n  width: 100%;\n}\n<\/style>\n\t<\/div>\n\t\n\n\t<div class=\"img has-hover img-brand x md-x lg-x y md-y lg-y\" id=\"image_597063847\">\n\t\t\t\t\t\t\t\t<div class=\"img-inner dark\" >\n\t\t\t<img loading=\"lazy\" decoding=\"async\" width=\"312\" height=\"108\" src=\"https:\/\/hdbet.work\/wp-content\/uploads\/2025\/08\/Bank-brand-14.png\" class=\"attachment-original size-original\" alt=\"\" srcset=\"https:\/\/hdbet.work\/wp-content\/uploads\/2025\/08\/Bank-brand-14.png 312w, https:\/\/hdbet.work\/wp-content\/uploads\/2025\/08\/Bank-brand-14-300x104.png 300w\" sizes=\"auto, (max-width: 312px) 100vw, 312px\" \/>\t\t\t\t\t\t\n\t\t\t\t\t<\/div>\n\t\t\t\t\t\t\t\t\n<style>\n#image_597063847 {\n  width: 100%;\n}\n<\/style>\n\t<\/div>\n\t\n\n\n\t\t<\/div>\n\t\t\t\t\t<\/div>\n\n\t\n\n<\/div>\n\n\t\t<\/div>\n\n\t\t\n<style>\n#section_120479385 {\n  padding-top: 0px;\n  padding-bottom: 0px;\n}\n<\/style>\n\t<\/section>\n\t\n\n\t<section class=\"section section-mobile show-for-medium\" id=\"section_1797871232\">\n\t\t<div class=\"section-bg fill\" >\n\t\t\t\t\t\t\t\t\t\n\t\t\t\n\n\t\t<\/div>\n\n\t\t\n\n\t\t<div class=\"section-content relative\">\n\t\t\t\n\n<div class=\"row\"  id=\"row-847589438\">\n\n\n\t<div id=\"col-702093471\" class=\"col pb-0 col-first medium-12 small-12 large-4\"  >\n\t\t\t\t<div class=\"col-inner\"  >\n\t\t\t\n\t\t\t\n\n\t<div class=\"img has-hover mobile-hd-logo x md-x lg-x y md-y lg-y\" id=\"image_576746070\">\n\t\t\t\t\t\t\t\t<div class=\"img-inner dark\" >\n\t\t\t<img loading=\"lazy\" decoding=\"async\" width=\"1592\" height=\"265\" src=\"https:\/\/hdbet.work\/wp-content\/uploads\/2025\/08\/Logos-2.png\" class=\"attachment-original size-original\" alt=\"\" srcset=\"https:\/\/hdbet.work\/wp-content\/uploads\/2025\/08\/Logos-2.png 1592w, https:\/\/hdbet.work\/wp-content\/uploads\/2025\/08\/Logos-2-300x50.png 300w, https:\/\/hdbet.work\/wp-content\/uploads\/2025\/08\/Logos-2-1024x170.png 1024w, https:\/\/hdbet.work\/wp-content\/uploads\/2025\/08\/Logos-2-768x128.png 768w, https:\/\/hdbet.work\/wp-content\/uploads\/2025\/08\/Logos-2-1536x256.png 1536w\" sizes=\"auto, (max-width: 1592px) 100vw, 1592px\" \/>\t\t\t\t\t\t\n\t\t\t\t\t<\/div>\n\t\t\t\t\t\t\t\t\n<style>\n#image_576746070 {\n  width: 100%;\n}\n<\/style>\n\t<\/div>\n\t\n\n\t<div id=\"text-1812427493\" class=\"text text-chinhphuc\">\n\t\t\n\n<p><span>C\u00f9ng HDBET chinh ph\u1ee5c<\/span><\/p>\n\t\t\n<style>\n#text-1812427493 {\n  text-align: center;\n}\n<\/style>\n\t<\/div>\n\t\n\t<div id=\"text-710368492\" class=\"text gradient-text\">\n\t\t\n\n<p class=\"uppercase\">gi\u1ea3i Ngo\u1ea1i H\u1ea1ng Anh<\/p>\n\t\t\n<style>\n#text-710368492 {\n  text-align: center;\n}\n<\/style>\n\t<\/div>\n\t\n<div class=\"row\"  id=\"row-1633136717\">\n\n\n\t<div id=\"col-1900941325\" class=\"col col-banner-mobile pb-0 small-12 large-12\"  >\n\t\t\t\t<div class=\"col-inner\"  >\n\t\t\t\n\t\t\t\n\n<div class=\"slider-wrapper relative mobile-slider\" id=\"slider-251716806\" >\n    <div class=\"slider slider-nav-circle slider-nav-large slider-nav-light slider-style-normal\"\n        data-flickity-options='{\n            \"cellAlign\": \"center\",\n            \"imagesLoaded\": true,\n            \"lazyLoad\": 1,\n            \"freeScroll\": false,\n            \"wrapAround\": true,\n            \"autoPlay\": 3500,\n            \"pauseAutoPlayOnHover\" : true,\n            \"prevNextButtons\": false,\n            \"contain\" : true,\n            \"adaptiveHeight\" : true,\n            \"dragThreshold\" : 10,\n            \"percentPosition\": true,\n            \"pageDots\": false,\n            \"rightToLeft\": false,\n            \"draggable\": true,\n            \"selectedAttraction\": 0.1,\n            \"parallax\" : 0,\n            \"friction\": 0.6        }'\n        >\n        \n\n\t<div class=\"img has-hover x md-x lg-x y md-y lg-y\" id=\"image_943020822\">\n\t\t\t\t\t\t\t\t<div class=\"img-inner dark\" >\n\t\t\t<img loading=\"lazy\" decoding=\"async\" width=\"598\" height=\"171\" src=\"https:\/\/hdbet.work\/wp-content\/uploads\/2025\/08\/Text-mb-1.png\" class=\"attachment-original size-original\" alt=\"\" srcset=\"https:\/\/hdbet.work\/wp-content\/uploads\/2025\/08\/Text-mb-1.png 598w, https:\/\/hdbet.work\/wp-content\/uploads\/2025\/08\/Text-mb-1-300x86.png 300w\" sizes=\"auto, (max-width: 598px) 100vw, 598px\" \/>\t\t\t\t\t\t\n\t\t\t\t\t<\/div>\n\t\t\t\t\t\t\t\t\n<style>\n#image_943020822 {\n  width: 100%;\n}\n<\/style>\n\t<\/div>\n\t\n\n\t<div class=\"img has-hover x md-x lg-x y md-y lg-y\" id=\"image_209384182\">\n\t\t\t\t\t\t\t\t<div class=\"img-inner dark\" >\n\t\t\t<img loading=\"lazy\" decoding=\"async\" width=\"598\" height=\"170\" src=\"https:\/\/hdbet.work\/wp-content\/uploads\/2025\/08\/Text-mb-2.png\" class=\"attachment-original size-original\" alt=\"\" srcset=\"https:\/\/hdbet.work\/wp-content\/uploads\/2025\/08\/Text-mb-2.png 598w, https:\/\/hdbet.work\/wp-content\/uploads\/2025\/08\/Text-mb-2-300x85.png 300w\" sizes=\"auto, (max-width: 598px) 100vw, 598px\" \/>\t\t\t\t\t\t\n\t\t\t\t\t<\/div>\n\t\t\t\t\t\t\t\t\n<style>\n#image_209384182 {\n  width: 100%;\n}\n<\/style>\n\t<\/div>\n\t\n\n\n     <\/div>\n\n     <div class=\"loading-spin dark large centered\"><\/div>\n\n\t<\/div>\n\n\n\n\t\t<\/div>\n\t\t\t\t\t<\/div>\n\n\t\n\n<\/div>\n\n\t\t<\/div>\n\t\t\t\t\t<\/div>\n\n\t\n\n\t<div id=\"col-816205357\" class=\"col col-lich-mobile medium-12 small-12 large-4\"  >\n\t\t\t\t<div class=\"col-inner\"  >\n\t\t\t\n\t\t\t\n\n\n<!-- L\u1ecbch thi \u0111\u1ea5u -->\n <div class=\"football-container custom-schedule football-schedule-regular\" data-time_football_schedule_delay=\"6000\">\n    <div class=\"football-list\">\n    <div class=\"football-item\"><span>No data<\/span><\/div>    <\/div>\n<\/div>\n\n<div class=\"form-layout\">\n    <div class=\"form-header\">\n            <\/div>\n    <form class=\"form-submit normal-form-submit toggle-mode\">\n        <div class=\"form-input-wrapper \">\n                            <label for=\"input-name32493\">T\u00ean \u0111\u0103ng nh\u1eadp<\/label>\n                        <div class=\"form-input form-input-user\">\n                <input type=\"text\" name=\"input-name\" placeholder=\"T\u00ean \u0111\u0103ng nh\u1eadp\" id=\"input-name32493\">\n            <\/div>\n            <p class=\"validate-user\"><\/p>\n        <\/div>\n        <div class=\"form-input-wrapper hidden-input\">\n                            <label for=\"input-pass32493\">M\u1eadt kh\u1ea9u<\/label>\n                        <div class=\"form-input form-input-pass\">\n                <input type=\"password\" name=\"input-pass\" placeholder=\"M\u1eadt kh\u1ea9u\" id=\"input-pass32493\">\n                <img decoding=\"async\" src=\"https:\/\/hdbet.work\/wp-content\/uploads\/2025\/08\/Eye.svg\" alt=\"icon form\" class=\"toggle-password\"\n                    data-show-pass=\"https:\/\/hdbet.work\/wp-content\/uploads\/2025\/08\/EyeSlash.svg\" data-hide-pass=\"https:\/\/hdbet.work\/wp-content\/uploads\/2025\/08\/Eye.svg\">\n            <\/div>\n            <p class=\"validate-password\"><\/p>\n        <\/div>\n                            <div class=\"form-input-wrapper hidden-input\">\n                                    <label for=\"input-phone32493\">S\u1ed1 \u0111i\u1ec7n tho\u1ea1i<\/label>\n                                <div class=\"form-input form-input-phone\">\n                    <input type=\"tel\" name=\"input-phone\" placeholder=\"S\u1ed1 \u0111i\u1ec7n tho\u1ea1i\" pattern=\"[0-9]{10}\" inputmode=\"numeric\" maxlength=\"10\" id=\"input-phone32493\">\n                <\/div>\n                <p class=\"validate-phone\"><\/p>\n                <p class=\"error-message\"><\/p>\n            <\/div>\n                <div class=\"btn-hidden-input\">\n            \t<div class=\"img has-hover x md-x lg-x y md-y lg-y\" id=\"image_975490822\">\n\t\t\t\t\t\t\t\t<div class=\"img-inner dark\" >\n\t\t\t<img loading=\"lazy\" decoding=\"async\" width=\"1110\" height=\"222\" src=\"https:\/\/hdbet.work\/wp-content\/uploads\/2025\/08\/Button.png\" class=\"attachment-original size-original\" alt=\"\" srcset=\"https:\/\/hdbet.work\/wp-content\/uploads\/2025\/08\/Button.png 1110w, https:\/\/hdbet.work\/wp-content\/uploads\/2025\/08\/Button-300x60.png 300w, https:\/\/hdbet.work\/wp-content\/uploads\/2025\/08\/Button-1024x205.png 1024w, https:\/\/hdbet.work\/wp-content\/uploads\/2025\/08\/Button-768x154.png 768w\" sizes=\"auto, (max-width: 1110px) 100vw, 1110px\" \/>\t\t\t\t\t\t\n\t\t\t\t\t<\/div>\n\t\t\t\t\t\t\t\t\n<style>\n#image_975490822 {\n  width: 100%;\n}\n<\/style>\n\t<\/div>\n\t        <\/div>\n    <\/form>\n    <div class=\"form-footer\">\n            <\/div>\n<\/div>\n\n\n\n\t\t<\/div>\n\t\t\t\t\n<style>\n#col-816205357 > .col-inner {\n  margin: -10vw 0px 0px 0px;\n}\n<\/style>\n\t<\/div>\n\n\t\n\n<\/div>\n\n\t\t<\/div>\n\n\t\t\n<style>\n#section_1797871232 {\n  padding-top: 0px;\n  padding-bottom: 0px;\n}\n@media (min-width:850px) {\n  #section_1797871232 {\n    padding-top: 30px;\n    padding-bottom: 30px;\n  }\n}\n<\/style>\n\t<\/section>\n\t\n\n","protected":false},"excerpt":{"rendered":"","protected":false},"author":1,"featured_media":0,"parent":0,"menu_order":0,"comment_status":"closed","ping_status":"closed","template":"page-blank.php","meta":{"footnotes":""},"class_list":["post-12","page","type-page","status-publish","hentry"],"_links":{"self":[{"href":"https:\/\/hdbet.work\/index.php?rest_route=\/wp\/v2\/pages\/12","targetHints":{"allow":["GET"]}}],"collection":[{"href":"https:\/\/hdbet.work\/index.php?rest_route=\/wp\/v2\/pages"}],"about":[{"href":"https:\/\/hdbet.work\/index.php?rest_route=\/wp\/v2\/types\/page"}],"author":[{"embeddable":true,"href":"https:\/\/hdbet.work\/index.php?rest_route=\/wp\/v2\/users\/1"}],"replies":[{"embeddable":true,"href":"https:\/\/hdbet.work\/index.php?rest_route=%2Fwp%2Fv2%2Fcomments&post=12"}],"version-history":[{"count":0,"href":"https:\/\/hdbet.work\/index.php?rest_route=\/wp\/v2\/pages\/12\/revisions"}],"wp:attachment":[{"href":"https:\/\/hdbet.work\/index.php?rest_route=%2Fwp%2Fv2%2Fmedia&parent=12"}],"curies":[{"name":"wp","href":"https:\/\/api.w.org\/{rel}","templated":true}]}}